{"id":1417,"date":"2023-04-27T13:10:48","date_gmt":"2023-04-27T11:10:48","guid":{"rendered":"https:\/\/transfert-vv93.esopa-productions.fr\/?page_id=1417"},"modified":"2024-04-24T15:39:53","modified_gmt":"2024-04-24T13:39:53","slug":"le-parcours-papote-et-popote","status":"publish","type":"page","link":"https:\/\/transfert-vv93.esopa-productions.fr\/index.php\/papoteetpopote\/le-parcours-papote-et-popote\/","title":{"rendered":"Le parcours papote et popote Pr\u00e9-Saint-Gervais"},"content":{"rendered":"\t\t<div data-elementor-type=\"wp-page\" data-elementor-id=\"1417\" class=\"elementor elementor-1417\">\n\t\t\t\t\t\t\t\t\t<section class=\"elementor-section elementor-top-section elementor-element elementor-element-9372990 elementor-section-boxed elementor-section-height-default elementor-section-height-default\" data-id=\"9372990\" data-element_type=\"section\">\n\t\t\t\t\t\t<div class=\"elementor-container elementor-column-gap-default\">\n\t\t\t\t\t<div class=\"elementor-column elementor-col-100 elementor-top-column elementor-element elementor-element-2bcb466\" data-id=\"2bcb466\" data-element_type=\"column\">\n\t\t\t<div class=\"elementor-widget-wrap elementor-element-populated\">\n\t\t\t\t\t\t\t\t<div class=\"elementor-element elementor-element-cbced21 elementor-widget elementor-widget-spacer\" data-id=\"cbced21\" data-element_type=\"widget\" data-widget_type=\"spacer.default\">\n\t\t\t\t<div class=\"elementor-widget-container\">\n\t\t\t<style>\/*! elementor - v3.12.1 - 02-04-2023 *\/\n.elementor-column .elementor-spacer-inner{height:var(--spacer-size)}.e-con{--container-widget-width:100%}.e-con-inner>.elementor-widget-spacer,.e-con>.elementor-widget-spacer{width:var(--container-widget-width,var(--spacer-size));--align-self:var(--container-widget-align-self,initial);--flex-shrink:0}.e-con-inner>.elementor-widget-spacer>.elementor-widget-container,.e-con-inner>.elementor-widget-spacer>.elementor-widget-container>.elementor-spacer,.e-con>.elementor-widget-spacer>.elementor-widget-container,.e-con>.elementor-widget-spacer>.elementor-widget-container>.elementor-spacer{height:100%}.e-con-inner>.elementor-widget-spacer>.elementor-widget-container>.elementor-spacer>.elementor-spacer-inner,.e-con>.elementor-widget-spacer>.elementor-widget-container>.elementor-spacer>.elementor-spacer-inner{height:var(--container-widget-height,var(--spacer-size))}<\/style>\t\t<div class=\"elementor-spacer\">\n\t\t\t<div class=\"elementor-spacer-inner\"><\/div>\n\t\t<\/div>\n\t\t\t\t<\/div>\n\t\t\t\t<\/div>\n\t\t\t\t\t<\/div>\n\t\t<\/div>\n\t\t\t\t\t\t\t<\/div>\n\t\t<\/section>\n\t\t\t\t<section class=\"elementor-section elementor-top-section elementor-element elementor-element-82ceefb elementor-section-boxed elementor-section-height-default elementor-section-height-default\" data-id=\"82ceefb\" data-element_type=\"section\">\n\t\t\t\t\t\t<div class=\"elementor-container elementor-column-gap-default\">\n\t\t\t\t\t<div class=\"elementor-column elementor-col-100 elementor-top-column elementor-element elementor-element-21aec0f\" data-id=\"21aec0f\" data-element_type=\"column\">\n\t\t\t<div class=\"elementor-widget-wrap elementor-element-populated\">\n\t\t\t\t\t\t\t\t<div class=\"elementor-element elementor-element-7ffdcf6 elementor-widget elementor-widget-text-editor\" data-id=\"7ffdcf6\" data-element_type=\"widget\" data-widget_type=\"text-editor.default\">\n\t\t\t\t<div class=\"elementor-widget-container\">\n\t\t\t<style>\/*! elementor - v3.12.1 - 02-04-2023 *\/\n.elementor-widget-text-editor.elementor-drop-cap-view-stacked .elementor-drop-cap{background-color:#69727d;color:#fff}.elementor-widget-text-editor.elementor-drop-cap-view-framed .elementor-drop-cap{color:#69727d;border:3px solid;background-color:transparent}.elementor-widget-text-editor:not(.elementor-drop-cap-view-default) .elementor-drop-cap{margin-top:8px}.elementor-widget-text-editor:not(.elementor-drop-cap-view-default) .elementor-drop-cap-letter{width:1em;height:1em}.elementor-widget-text-editor .elementor-drop-cap{float:left;text-align:center;line-height:1;font-size:50px}.elementor-widget-text-editor .elementor-drop-cap-letter{display:inline-block}<\/style>\t\t\t\t<p><a href=\"https:\/\/transfert-vv93.esopa-productions.fr\/index.php\/papoteetpopote\/\">\u21b5 Retour \u00e0 la page d&#8217;accueil du parcours Papote et popote<\/a><\/p>\t\t\t\t\t\t<\/div>\n\t\t\t\t<\/div>\n\t\t\t\t\t<\/div>\n\t\t<\/div>\n\t\t\t\t\t\t\t<\/div>\n\t\t<\/section>\n\t\t\t\t<section class=\"elementor-section elementor-top-section elementor-element elementor-element-b055e33 elementor-section-boxed elementor-section-height-default elementor-section-height-default\" data-id=\"b055e33\" data-element_type=\"section\">\n\t\t\t\t\t\t\t<div class=\"elementor-background-overlay\"><\/div>\n\t\t\t\t\t\t\t<div class=\"elementor-container elementor-column-gap-default\">\n\t\t\t\t\t<div class=\"elementor-column elementor-col-50 elementor-top-column elementor-element elementor-element-30852ea\" data-id=\"30852ea\" data-element_type=\"column\" data-settings=\"{&quot;background_background&quot;:&quot;classic&quot;}\">\n\t\t\t<div class=\"elementor-widget-wrap elementor-element-populated\">\n\t\t\t\t\t\t\t\t<div class=\"elementor-element elementor-element-e6f7980 elementor-widget__width-initial elementor-widget elementor-widget-heading\" data-id=\"e6f7980\" data-element_type=\"widget\" data-widget_type=\"heading.default\">\n\t\t\t\t<div class=\"elementor-widget-container\">\n\t\t\t<style>\/*! elementor - v3.12.1 - 02-04-2023 *\/\n.elementor-heading-title{padding:0;margin:0;line-height:1}.elementor-widget-heading .elementor-heading-title[class*=elementor-size-]>a{color:inherit;font-size:inherit;line-height:inherit}.elementor-widget-heading .elementor-heading-title.elementor-size-small{font-size:15px}.elementor-widget-heading .elementor-heading-title.elementor-size-medium{font-size:19px}.elementor-widget-heading .elementor-heading-title.elementor-size-large{font-size:29px}.elementor-widget-heading .elementor-heading-title.elementor-size-xl{font-size:39px}.elementor-widget-heading .elementor-heading-title.elementor-size-xxl{font-size:59px}<\/style><h2 class=\"elementor-heading-title elementor-size-default\">LE PARCOURS \"Papote et popote\"<\/h2>\t\t<\/div>\n\t\t\t\t<\/div>\n\t\t\t\t\t<\/div>\n\t\t<\/div>\n\t\t\t\t<div class=\"elementor-column elementor-col-50 elementor-top-column elementor-element elementor-element-66d9b9d\" data-id=\"66d9b9d\" data-element_type=\"column\" data-settings=\"{&quot;background_background&quot;:&quot;classic&quot;}\">\n\t\t\t<div class=\"elementor-widget-wrap elementor-element-populated\">\n\t\t\t\t\t\t\t\t\t<\/div>\n\t\t<\/div>\n\t\t\t\t\t\t\t<\/div>\n\t\t<\/section>\n\t\t\t\t<section class=\"elementor-section elementor-top-section elementor-element elementor-element-11d1e72 elementor-section-boxed elementor-section-height-default elementor-section-height-default\" data-id=\"11d1e72\" data-element_type=\"section\">\n\t\t\t\t\t\t<div class=\"elementor-container elementor-column-gap-default\">\n\t\t\t\t\t<div class=\"elementor-column elementor-col-50 elementor-top-column elementor-element elementor-element-4ddf84f\" data-id=\"4ddf84f\" data-element_type=\"column\" data-settings=\"{&quot;background_background&quot;:&quot;classic&quot;}\">\n\t\t\t<div class=\"elementor-widget-wrap elementor-element-populated\">\n\t\t\t\t\t\t\t\t<div class=\"elementor-element elementor-element-1f42de3 elementor-widget elementor-widget-text-editor\" data-id=\"1f42de3\" data-element_type=\"widget\" data-widget_type=\"text-editor.default\">\n\t\t\t\t<div class=\"elementor-widget-container\">\n\t\t\t\t\t\t\t<p>Emmanuelle Pardini propose de mettre en place un projet pendant huit mois autour de l&#8217;alimentation dans la r\u00e9sidence autonomie Le Clos Lamotte.\u00a0<\/p><p>L\u2019aventure qu\u2019elle propose prend pour socle la cuisine et est \u00e0 la fronti\u00e8re de plusieurs autres domaines culturels et artistiques : arts plastiques, \u00e9criture cr\u00e9ative.\u00a0<\/p><p>La finalit\u00e9 de ce projet est la r\u00e9alisation d&#8217;une exposition au sein de la r\u00e9sidence autonomie ainsi que d&#8217;un grand banquet inspir\u00e9 des recettes r\u00e9colt\u00e9es lors des temps de collecte. L&#8217;exposition sera compos\u00e9e de plusieurs panneaux et prendra place au sein des salles communes. Chaque panneau sera compos\u00e9 : d&#8217;une histoire \/ un souvenir li\u00e9 \u00e0 la cuisine, une recette et sa repr\u00e9sentation graphique.<\/p><p>Pour l&#8217;inauguration de l&#8217;exposition, nous proposons d&#8217;organiser un grand banquet, moment convivial qui viendrait cl\u00f4turer la r\u00e9sidence et permettra aux familles et voisins de d\u00e9couvrir le travail r\u00e9alis\u00e9. Ce banquet pourrait \u00eatre organis\u00e9 au mois de mai 2023.<\/p>\t\t\t\t\t\t<\/div>\n\t\t\t\t<\/div>\n\t\t\t\t\t<\/div>\n\t\t<\/div>\n\t\t\t\t<div class=\"elementor-column elementor-col-50 elementor-top-column elementor-element elementor-element-7830520\" data-id=\"7830520\" data-element_type=\"column\" data-settings=\"{&quot;background_background&quot;:&quot;classic&quot;}\">\n\t\t\t<div class=\"elementor-widget-wrap elementor-element-populated\">\n\t\t\t\t\t\t\t\t<div class=\"elementor-element elementor-element-c79532b elementor-widget elementor-widget-spacer\" data-id=\"c79532b\" data-element_type=\"widget\" data-widget_type=\"spacer.default\">\n\t\t\t\t<div class=\"elementor-widget-container\">\n\t\t\t\t\t<div class=\"elementor-spacer\">\n\t\t\t<div class=\"elementor-spacer-inner\"><\/div>\n\t\t<\/div>\n\t\t\t\t<\/div>\n\t\t\t\t<\/div>\n\t\t\t\t<div class=\"elementor-element elementor-element-3000445 elementor-widget elementor-widget-image\" data-id=\"3000445\" data-element_type=\"widget\" data-widget_type=\"image.default\">\n\t\t\t\t<div class=\"elementor-widget-container\">\n\t\t\t<style>\/*! elementor - v3.12.1 - 02-04-2023 *\/\n.elementor-widget-image{text-align:center}.elementor-widget-image a{display:inline-block}.elementor-widget-image a img[src$=\".svg\"]{width:48px}.elementor-widget-image img{vertical-align:middle;display:inline-block}<\/style>\t\t\t\t\t\t\t\t\t\t\t\t<img loading=\"lazy\" decoding=\"async\" width=\"1024\" height=\"768\" src=\"https:\/\/transfert-vv93.esopa-productions.fr\/wp-content\/uploads\/2023\/05\/blog-1-1-1024x768.jpg\" class=\"attachment-large size-large wp-image-1657\" alt=\"\" srcset=\"https:\/\/transfert-vv93.esopa-productions.fr\/wp-content\/uploads\/2023\/05\/blog-1-1-1024x768.jpg 1024w, https:\/\/transfert-vv93.esopa-productions.fr\/wp-content\/uploads\/2023\/05\/blog-1-1-300x225.jpg 300w, https:\/\/transfert-vv93.esopa-productions.fr\/wp-content\/uploads\/2023\/05\/blog-1-1-768x576.jpg 768w, https:\/\/transfert-vv93.esopa-productions.fr\/wp-content\/uploads\/2023\/05\/blog-1-1-1536x1152.jpg 1536w, https:\/\/transfert-vv93.esopa-productions.fr\/wp-content\/uploads\/2023\/05\/blog-1-1-2048x1536.jpg 2048w\" sizes=\"auto, (max-width: 1024px) 100vw, 1024px\" \/>\t\t\t\t\t\t\t\t\t\t\t\t\t\t\t<\/div>\n\t\t\t\t<\/div>\n\t\t\t\t\t<\/div>\n\t\t<\/div>\n\t\t\t\t\t\t\t<\/div>\n\t\t<\/section>\n\t\t\t\t<section class=\"elementor-section elementor-top-section elementor-element elementor-element-5160988 elementor-section-boxed elementor-section-height-default elementor-section-height-default\" data-id=\"5160988\" data-element_type=\"section\">\n\t\t\t\t\t\t<div class=\"elementor-container elementor-column-gap-default\">\n\t\t\t\t\t<div class=\"elementor-column elementor-col-100 elementor-top-column elementor-element elementor-element-c5cdfb2\" data-id=\"c5cdfb2\" data-element_type=\"column\" data-settings=\"{&quot;background_background&quot;:&quot;classic&quot;}\">\n\t\t\t<div class=\"elementor-widget-wrap elementor-element-populated\">\n\t\t\t\t\t\t\t\t<div class=\"elementor-element elementor-element-3fcf2c4 elementor-widget elementor-widget-text-editor\" data-id=\"3fcf2c4\" data-element_type=\"widget\" data-widget_type=\"text-editor.default\">\n\t\t\t\t<div class=\"elementor-widget-container\">\n\t\t\t\t\t\t\t<p>Emmanuelle Pardini intervient deux fois par mois \u00e0 la r\u00e9sidence. Les ateliers durent un apr\u00e8s-midi.<\/p><p>Calendrier des s\u00e9ances :<br \/>S\u00e9ance 1 : 9 novembre 2022<br \/>S\u00e9ance 2 : 24 novembre 2022<br \/>S\u00e9ance 3 : 12 janvier 2023<br \/>S\u00e9ance 4 : 2 f\u00e9vrier 2023<br \/>S\u00e9ance 5 : 16 f\u00e9vrier 2023<br \/>S\u00e9ance 6 : 9 mars 2023<br \/>S\u00e9ance 7 : 6 avril 2023<br \/>S\u00e9ance 8 : 14 avril 2023<br \/>S\u00e9ance 9 : 4 mai 2023<br \/>S\u00e9ance 10 : 11 mai 2023.<\/p>\t\t\t\t\t\t<\/div>\n\t\t\t\t<\/div>\n\t\t\t\t\t<\/div>\n\t\t<\/div>\n\t\t\t\t\t\t\t<\/div>\n\t\t<\/section>\n\t\t\t\t<section class=\"elementor-section elementor-top-section elementor-element elementor-element-2653695 elementor-section-boxed elementor-section-height-default elementor-section-height-default\" data-id=\"2653695\" data-element_type=\"section\">\n\t\t\t\t\t\t\t<div class=\"elementor-background-overlay\"><\/div>\n\t\t\t\t\t\t\t<div class=\"elementor-container elementor-column-gap-default\">\n\t\t\t\t\t<div class=\"elementor-column elementor-col-50 elementor-top-column elementor-element elementor-element-a3019b6\" data-id=\"a3019b6\" data-element_type=\"column\" data-settings=\"{&quot;background_background&quot;:&quot;classic&quot;}\">\n\t\t\t<div class=\"elementor-widget-wrap elementor-element-populated\">\n\t\t\t\t\t\t\t\t<div class=\"elementor-element elementor-element-0f70326 elementor-widget__width-initial elementor-widget elementor-widget-heading\" data-id=\"0f70326\" data-element_type=\"widget\" data-widget_type=\"heading.default\">\n\t\t\t\t<div class=\"elementor-widget-container\">\n\t\t\t<h5 class=\"elementor-heading-title elementor-size-default\">Restitution<\/h5>\t\t<\/div>\n\t\t\t\t<\/div>\n\t\t\t\t\t<\/div>\n\t\t<\/div>\n\t\t\t\t<div class=\"elementor-column elementor-col-50 elementor-top-column elementor-element elementor-element-234ec66\" data-id=\"234ec66\" data-element_type=\"column\" data-settings=\"{&quot;background_background&quot;:&quot;classic&quot;}\">\n\t\t\t<div class=\"elementor-widget-wrap elementor-element-populated\">\n\t\t\t\t\t\t\t\t\t<\/div>\n\t\t<\/div>\n\t\t\t\t\t\t\t<\/div>\n\t\t<\/section>\n\t\t\t\t<section class=\"elementor-section elementor-top-section elementor-element elementor-element-c4d6df3 elementor-section-boxed elementor-section-height-default elementor-section-height-default\" data-id=\"c4d6df3\" data-element_type=\"section\">\n\t\t\t\t\t\t<div class=\"elementor-container elementor-column-gap-default\">\n\t\t\t\t\t<div class=\"elementor-column elementor-col-50 elementor-top-column elementor-element elementor-element-09492ba\" data-id=\"09492ba\" data-element_type=\"column\" data-settings=\"{&quot;background_background&quot;:&quot;classic&quot;}\">\n\t\t\t<div class=\"elementor-widget-wrap elementor-element-populated\">\n\t\t\t\t\t\t\t\t<div class=\"elementor-element elementor-element-6e4cad1 elementor-widget elementor-widget-text-editor\" data-id=\"6e4cad1\" data-element_type=\"widget\" data-widget_type=\"text-editor.default\">\n\t\t\t\t<div class=\"elementor-widget-container\">\n\t\t\t\t\t\t\t<p>La restitution a eu lieu le 25 mai 2023 \u00e0 12h au Clos Lamotte.<\/p><p><span style=\"color: #333333;\">Voici l&#8217;\u00e9dition qui permet de garder une trace de cette aventure. Ce carnet de recettes \u00e9dit\u00e9 par l\u2019association L\u2019e\u0301pope\u0301e pr\u00e9sente les recettes cuisine\u0301es durant toute la dure\u0301e du projet et invitent a\u0300 voyager a\u0300 travers <b>la Normandie, la Bourgogne, les rives du Cameroun, les montagnes du Maroc, Israe\u0308l et la re\u0301gion parisienne.<\/b><br \/>Les illustrations ont e\u0301te\u0301 re\u0301alise\u0301es par Glenn-Morgane Kibiti et Thuy An Nguyen Dac, e\u0301tudiantes en graphisme en action et territoires d\u2019innovation sociale au lyce\u0301e Claude Garamont de Colombes, ou\u0300 elles mettent en pratique un univers sensible et engage\u0301 au sein du projet Papote et Popote.<\/span><br \/><a href=\"https:\/\/transfert-vv93.esopa-productions.fr\/wp-content\/uploads\/2023\/06\/papote-recette_web.pdf\">\/\/\/ T\u00e9l\u00e9charger le livret<\/a><\/p>\t\t\t\t\t\t<\/div>\n\t\t\t\t<\/div>\n\t\t\t\t\t<\/div>\n\t\t<\/div>\n\t\t\t\t<div class=\"elementor-column elementor-col-50 elementor-top-column elementor-element elementor-element-863dd76\" data-id=\"863dd76\" data-element_type=\"column\" data-settings=\"{&quot;background_background&quot;:&quot;classic&quot;}\">\n\t\t\t<div class=\"elementor-widget-wrap elementor-element-populated\">\n\t\t\t\t\t\t\t\t<div class=\"elementor-element elementor-element-fc4722d elementor-widget elementor-widget-image\" data-id=\"fc4722d\" data-element_type=\"widget\" data-widget_type=\"image.default\">\n\t\t\t\t<div class=\"elementor-widget-container\">\n\t\t\t\t\t\t\t\t\t\t\t\t\t\t\t\t<a href=\"https:\/\/transfert-vv93.esopa-productions.fr\/wp-content\/uploads\/2023\/06\/papote-recette_web.pdf\">\n\t\t\t\t\t\t\t<img loading=\"lazy\" decoding=\"async\" width=\"337\" height=\"375\" src=\"https:\/\/transfert-vv93.esopa-productions.fr\/wp-content\/uploads\/2023\/06\/couv_papote-e1686046385576.png\" class=\"attachment-large size-large wp-image-2464\" alt=\"\" srcset=\"https:\/\/transfert-vv93.esopa-productions.fr\/wp-content\/uploads\/2023\/06\/couv_papote-e1686046385576.png 337w, https:\/\/transfert-vv93.esopa-productions.fr\/wp-content\/uploads\/2023\/06\/couv_papote-e1686046385576-270x300.png 270w\" sizes=\"auto, (max-width: 337px) 100vw, 337px\" \/>\t\t\t\t\t\t\t\t<\/a>\n\t\t\t\t\t\t\t\t\t\t\t\t\t\t\t<\/div>\n\t\t\t\t<\/div>\n\t\t\t\t\t<\/div>\n\t\t<\/div>\n\t\t\t\t\t\t\t<\/div>\n\t\t<\/section>\n\t\t\t\t<section class=\"elementor-section elementor-top-section elementor-element elementor-element-4c27f3c elementor-section-boxed elementor-section-height-default elementor-section-height-default\" data-id=\"4c27f3c\" data-element_type=\"section\">\n\t\t\t\t\t\t<div class=\"elementor-container elementor-column-gap-default\">\n\t\t\t\t\t<div class=\"elementor-column elementor-col-33 elementor-top-column elementor-element elementor-element-355ccc9\" data-id=\"355ccc9\" data-element_type=\"column\" data-settings=\"{&quot;background_background&quot;:&quot;classic&quot;}\">\n\t\t\t<div class=\"elementor-widget-wrap elementor-element-populated\">\n\t\t\t\t\t\t\t\t<div class=\"elementor-element elementor-element-7a329ec elementor-widget elementor-widget-image\" data-id=\"7a329ec\" data-element_type=\"widget\" data-widget_type=\"image.default\">\n\t\t\t\t<div class=\"elementor-widget-container\">\n\t\t\t\t\t\t\t\t\t\t\t\t\t\t\t<img loading=\"lazy\" decoding=\"async\" width=\"1024\" height=\"851\" src=\"https:\/\/transfert-vv93.esopa-productions.fr\/wp-content\/uploads\/2023\/06\/livretrecette2-1024x851.png\" class=\"attachment-large size-large wp-image-2561\" alt=\"\" srcset=\"https:\/\/transfert-vv93.esopa-productions.fr\/wp-content\/uploads\/2023\/06\/livretrecette2-1024x851.png 1024w, https:\/\/transfert-vv93.esopa-productions.fr\/wp-content\/uploads\/2023\/06\/livretrecette2-300x249.png 300w, https:\/\/transfert-vv93.esopa-productions.fr\/wp-content\/uploads\/2023\/06\/livretrecette2-768x639.png 768w, https:\/\/transfert-vv93.esopa-productions.fr\/wp-content\/uploads\/2023\/06\/livretrecette2-1536x1277.png 1536w, https:\/\/transfert-vv93.esopa-productions.fr\/wp-content\/uploads\/2023\/06\/livretrecette2.png 1828w\" sizes=\"auto, (max-width: 1024px) 100vw, 1024px\" \/>\t\t\t\t\t\t\t\t\t\t\t\t\t\t\t<\/div>\n\t\t\t\t<\/div>\n\t\t\t\t\t<\/div>\n\t\t<\/div>\n\t\t\t\t<div class=\"elementor-column elementor-col-66 elementor-top-column elementor-element elementor-element-ba40673\" data-id=\"ba40673\" data-element_type=\"column\" data-settings=\"{&quot;background_background&quot;:&quot;classic&quot;}\">\n\t\t\t<div class=\"elementor-widget-wrap elementor-element-populated\">\n\t\t\t\t\t\t\t\t<div class=\"elementor-element elementor-element-367a3d5 elementor-widget elementor-widget-image\" data-id=\"367a3d5\" data-element_type=\"widget\" data-widget_type=\"image.default\">\n\t\t\t\t<div class=\"elementor-widget-container\">\n\t\t\t\t\t\t\t\t\t\t\t\t\t\t\t<img loading=\"lazy\" decoding=\"async\" width=\"1024\" height=\"873\" src=\"https:\/\/transfert-vv93.esopa-productions.fr\/wp-content\/uploads\/2023\/06\/Livretrecette1-1024x873.png\" class=\"attachment-large size-large wp-image-2560\" alt=\"\" srcset=\"https:\/\/transfert-vv93.esopa-productions.fr\/wp-content\/uploads\/2023\/06\/Livretrecette1-1024x873.png 1024w, https:\/\/transfert-vv93.esopa-productions.fr\/wp-content\/uploads\/2023\/06\/Livretrecette1-300x256.png 300w, https:\/\/transfert-vv93.esopa-productions.fr\/wp-content\/uploads\/2023\/06\/Livretrecette1-768x655.png 768w, https:\/\/transfert-vv93.esopa-productions.fr\/wp-content\/uploads\/2023\/06\/Livretrecette1-1536x1309.png 1536w, https:\/\/transfert-vv93.esopa-productions.fr\/wp-content\/uploads\/2023\/06\/Livretrecette1.png 1788w\" sizes=\"auto, (max-width: 1024px) 100vw, 1024px\" \/>\t\t\t\t\t\t\t\t\t\t\t\t\t\t\t<\/div>\n\t\t\t\t<\/div>\n\t\t\t\t\t<\/div>\n\t\t<\/div>\n\t\t\t\t\t\t\t<\/div>\n\t\t<\/section>\n\t\t\t\t<section class=\"elementor-section elementor-top-section elementor-element elementor-element-a90413a elementor-section-boxed elementor-section-height-default elementor-section-height-default\" data-id=\"a90413a\" data-element_type=\"section\">\n\t\t\t\t\t\t<div class=\"elementor-container elementor-column-gap-default\">\n\t\t\t\t\t<div class=\"elementor-column elementor-col-100 elementor-top-column elementor-element elementor-element-0d3d755\" data-id=\"0d3d755\" data-element_type=\"column\">\n\t\t\t<div class=\"elementor-widget-wrap elementor-element-populated\">\n\t\t\t\t\t\t\t\t<div class=\"elementor-element elementor-element-4ed8322 elementor-widget elementor-widget-spacer\" data-id=\"4ed8322\" data-element_type=\"widget\" data-widget_type=\"spacer.default\">\n\t\t\t\t<div class=\"elementor-widget-container\">\n\t\t\t\t\t<div class=\"elementor-spacer\">\n\t\t\t<div class=\"elementor-spacer-inner\"><\/div>\n\t\t<\/div>\n\t\t\t\t<\/div>\n\t\t\t\t<\/div>\n\t\t\t\t\t<\/div>\n\t\t<\/div>\n\t\t\t\t\t\t\t<\/div>\n\t\t<\/section>\n\t\t\t\t\t\t\t<\/div>\n\t\t","protected":false},"excerpt":{"rendered":"<p>\u21b5 Retour \u00e0 la page d&#8217;accueil du parcours Papote et popote LE PARCOURS &#8220;Papote et popote&#8221; Emmanuelle Pardini propose de mettre en place un projet pendant huit mois autour de l&#8217;alimentation dans la r\u00e9sidence autonomie Le Clos Lamotte.\u00a0 L\u2019aventure qu\u2019elle propose prend pour socle la cuisine et est \u00e0 la fronti\u00e8re de plusieurs autres domaines&hellip;&nbsp;<a href=\"https:\/\/transfert-vv93.esopa-productions.fr\/index.php\/papoteetpopote\/le-parcours-papote-et-popote\/\" class=\"\" rel=\"bookmark\">Lire la suite &raquo;<span class=\"screen-reader-text\">Le parcours papote et popote Pr\u00e9-Saint-Gervais<\/span><\/a><\/p>\n","protected":false},"author":1,"featured_media":0,"parent":882,"menu_order":0,"comment_status":"closed","ping_status":"closed","template":"page-templates\/template-pagebuilder-full-width.php","meta":{"neve_meta_sidebar":"","neve_meta_container":"","neve_meta_enable_content_width":"","neve_meta_content_width":0,"neve_meta_title_alignment":"","neve_meta_author_avatar":"","neve_post_elements_order":"","neve_meta_disable_header":"","neve_meta_disable_footer":"","neve_meta_disable_title":"","footnotes":""},"class_list":["post-1417","page","type-page","status-publish","hentry"],"_links":{"self":[{"href":"https:\/\/transfert-vv93.esopa-productions.fr\/index.php\/wp-json\/wp\/v2\/pages\/1417","targetHints":{"allow":["GET"]}}],"collection":[{"href":"https:\/\/transfert-vv93.esopa-productions.fr\/index.php\/wp-json\/wp\/v2\/pages"}],"about":[{"href":"https:\/\/transfert-vv93.esopa-productions.fr\/index.php\/wp-json\/wp\/v2\/types\/page"}],"author":[{"embeddable":true,"href":"https:\/\/transfert-vv93.esopa-productions.fr\/index.php\/wp-json\/wp\/v2\/users\/1"}],"replies":[{"embeddable":true,"href":"https:\/\/transfert-vv93.esopa-productions.fr\/index.php\/wp-json\/wp\/v2\/comments?post=1417"}],"version-history":[{"count":112,"href":"https:\/\/transfert-vv93.esopa-productions.fr\/index.php\/wp-json\/wp\/v2\/pages\/1417\/revisions"}],"predecessor-version":[{"id":4480,"href":"https:\/\/transfert-vv93.esopa-productions.fr\/index.php\/wp-json\/wp\/v2\/pages\/1417\/revisions\/4480"}],"up":[{"embeddable":true,"href":"https:\/\/transfert-vv93.esopa-productions.fr\/index.php\/wp-json\/wp\/v2\/pages\/882"}],"wp:attachment":[{"href":"https:\/\/transfert-vv93.esopa-productions.fr\/index.php\/wp-json\/wp\/v2\/media?parent=1417"}],"curies":[{"name":"wp","href":"https:\/\/api.w.org\/{rel}","templated":true}]}}